51?
False
Does 2214 divide 1131830010?
True
Does 16 divide 4130336?
True
Does 15 divide 425761542?
False
Is 253641344 a multiple of 1193?
True
Is 1189186542 a multiple of 54?
True
Is 371 a factor of 347700611?
False
Is 2500059480 a multiple of 465?
True
Is 266 a factor of 16839824?
False
Is 29123618 a multiple of 161?
False
Does 136 divide 32059258?
False
Does 356 divide 135532048?
True
Is 9 a factor of 135694683?
True
Is 3913 a factor of 554918182?
True
Is 19 a factor of 28209046?
False
Is 16 a factor of 495158096?
True
Is 22 a factor of 4021006?
True
Does 29 divide 8324626?
False
Is 11333769 a multiple of 1202?
False
Does 73 divide 207825261?
False
Does 67 divide 34988866?
False
Is 103 a factor of 9796021?
True
Is 155937879 a multiple of 669?
True
Is 12630984 a multiple of 209?
False
Is 15280888 a multiple of 28?
True
Is 21834518 a multiple of 59?
False
Is 67 a factor of 4420475?
False
Is 12 a factor of 153732108?
True
Is 41 a factor of 162627197?
True
Is 1053 a factor of 201373614?
True
Is 3934 a factor of 1415040130?
True
Does 5 divide 62755395?
True
Is 59 a factor of 25296339?
False
Does 84 divide 829589712?
True
Is 20126330 a multiple of 892?
False
Is 80 a factor of 117569740?
False
Does 1250 divide 109591250?
True
Is 403 a factor of 292458105?
False
Does 12 divide 5412858615?
False
Is 34 a factor of 4298170?
False
Is 19 a factor of 1266737079?
False
Is 44310462 a multiple of 946?
False
Is 274350045 a multiple of 15?
True
Does 112 divide 1358938112?
True
Is 8299802 a multiple of 394?
False
Is 421419262 a multiple of 11?
True
Is 16 a factor of 141864941?
False
Is 610 a factor of 127138210?
False
Is 287842889 a multiple of 82?
False
Does 173 divide 343899261?
True
Does 237 divide 11722588?
False
Does 1072 divide 35050411?
False
Does 64 divide 454392192?
True
Does 32 divide 139317827?
False
Is 984 a factor of 106286760?
True
Does 25 divide 170869492?
False
Is 25867291 a multiple of 3?
False
Does 11 divide 165364386?
True
Is 326162378 a multiple of 16?
False
Is 11 a factor of 55759374?
True
Is 58047296 a multiple of 1256?
True
Is 30628241 a multiple of 67?
False
Is 1941 a factor of 33036175?
False
Does 12 divide 28393611?
False
Is 1137 a factor of 464627091?
True
Does 43 divide 147169189?
False
Is 677220041 a multiple of 21?
False
Is 255 a factor of 311890532?
False
Does 4 divide 1029020?
True
Is 127830014 a multiple of 61?
True
Is 1686 a factor of 58844094?
False
Is 10192 a factor of 1735295290?
False
Is 12927438 a multiple of 3582?
True
Is 10 a factor of 87092870?
True
Is 109 a factor of 17564914?
True
Is 70 a factor of 4598375?
False
Is 418 a factor of 3844083286?
False
Is 2440 a factor of 62751920?
True
Does 600 divide 2181322283?
False
Does 15 divide 10091610?
True
Does 981 divide 391657383?
True
Does 55 divide 33400290?
True
Is 21218420 a multiple of 692?
False
Does 1711 divide 71862000?
True
Is 111155754 a multiple of 197?
False
Is 133942089 a multiple of 113?
False
Is 38898109 a multiple of 19?
False
Does 186 divide 2032040328?
True
Is 19696920 a multiple of 1035?
False
Is 46525164 a multiple of 28?
True
Is 1163 a factor of 1308321502?
True
Is 16458346 a multiple of 48?
False
Is 144 a factor of 14872144?
False
Does 116 divide 1112718951?
False
Is 22026921 a multiple of 7?
True
Is 59 a factor of 16379547?
False
Is 31237408 a multiple of 328?
True
Does 4 divide 130522?
False
Does 13 divide 1403632729?
False
Does 315 divide 215267156?
False
Is 916860050 a multiple of 4643?
False
Is 218590130 a multiple of 22?
True
Is 2247990822 a multiple of 514?
True
Is 9441290 a multiple of 1615?
True
Is 70 a factor of 593991370?
True
Is 1577956 a multiple of 14?
False
Is 1669449600 a multiple of 4459?
True
Is 90 a factor of 76800960?
True
Is 93339554 a multiple of 1309?
True
Is 5641 a factor of 55033596?
True
Does 2000 divide 115304000?
True
Is 18861831 a multiple of 153?
False
Is 70 a factor of 82430533?
False
Does 31 divide 11904930?
True
Does 248 divide 12798982?
False
Is 59 a factor of 83103999?
False
Is 8 a factor of 342524317?
False
Is 3 a factor of 233660011?
False
Does 35 divide 1063677721?
False
Is 662 a factor of 135034760?
True
Is 69722247 a multiple of 14?
False
Does 1881 divide 126892260?
True
Is 6484 a factor of 214231360?
True
Does 236 divide 18107126?
False
Is 1175744244 a multiple of 404?
False
Is 21 a factor of 125702955?
True
Is 513884900 a multiple of 628?
False
Does 107 divide 70304144?
False
Is 41 a factor of 39984225?
True
Is 942982816 a multiple of 388?
False
Is 233 a factor of 6094115?
True
Is 47567888 a multiple of 8?
True
Does 594 divide 28921317?
False
Is 972732240 a multiple of 54?
True
Is 345173497 a multiple of 114?
False
Is 14 a factor of 51784649?
False
Is 470267644 a multiple of 31?
True
Is 97 a factor of 31850338?
True
Does 53 divide 42376839?
True
Does 34 divide 31621615?
False
Is 3981567640 a multiple of 2657?
True
Is 11 a factor of 1248215690?
False
Is 2659812 a multiple of 138?
True
Does 26 divide 504202462?
False
Does 9 divide 1171845?
True
Is 13807939 a multiple of 47?
False
Is 45 a factor of 1137104685?
True
Is 2884 a factor of 149771888?
True
Is 42374220 a multiple of 1740?
True
Is 12758160 a multiple of 295?
True
Is 4 a factor of 222837759?
False
Is 33478074 a multiple of 49?
True
Is 468151392 a multiple of 89?
True
Is 263436540 a multiple of 60?
True
Does 11 divide 34844403?
True
Does 76 divide 23786151?
False
Is 445301655 a multiple of 15?
True
Does 29 divide 14647?
False
Is 4 a factor of 4138279?
False
Is 31669025 a multiple of 16?
False
Is 353944064 a multiple of 2759?
False
Is 203134291 a multiple of 135?
False
Is 883 a factor of 569366347?
True
Is 1081 a factor of 624988169?
False
Does 595 divide 3372489155?
True
Does 15 divide 512264117?
False
Is 85 a factor of 4793901?
False
Is 284816140 a multiple of 11?
False
Does 49 divide 46844098?
True
Is 390744423 a multiple of 9?
True
Does 944 divide 2363888352?
False
Is 7001934 a multiple of 83?
False
Is 702542 a multiple of 17?
True
Is 1504130468 a multiple of 13?
False
Does 24 divide 1823457797?
False
Is 200540500 a multiple of 85?
True
Is 138 a factor of 153185819?
False
Is 48 a factor of 339503520?
True
Is 14463300 a multiple of 3?
True
Is 229 a factor of 21625301?
False
Is 761001313 a multiple of 1830?
False
Is 27482256 a multiple of 464?
True
Does 12 divide 451050580?
False
Is 491625030 a multiple of 78?
True
Does 2279 divide 161506689?
False
Is 3577302270 a multiple of 45?
True
Is 8 a factor of 180883192?
True
Does 374 divide 130173692?
True
Is 169858 a multiple of 8?
False
Is 1081251032 a multiple of 7?
False
Is 16 a factor of 3720806283?
False
Is 3 a factor of 565161?
True
Is 2658288 a multiple of 16?
True
Does 33 divide 227738181?
True
Does 638 divide 47948252?
True
Does 27 divide 4784768?
False
Does 38 divide 655664274?
True
Is 394608839 a multiple of 827?
True
Does 19 divide 1223923?
True
Is 273020435 a multiple of 28?
False
Does 17 divide 3061308933?
False
Is 927 a factor of 1158413499?
True
Is 40 a factor of 728607139?
False
Is 1280068020 a multiple of 22?
True
Does 179 divide 123449498?
True
Is 67252173 a multiple of 813?
True
Is 565326933 a multiple of 7?
False
Is 19 a factor of 220962973?
False
Is 24 a factor of 20506032?
True
Does 10 divide 22251584?
False
Is 2875 a factor of 1018573093?
False
Is 2541102012 a multiple of 36?
True
Is 1473 a factor of 2975482971?
False
Does 39 divide 756256867?
False
Does 5475 divide 296579720?
False
Is 42 a factor of 6837376980?
True
Does 3461 divide 2161050360?
False
Is 202171986 a multiple of 241?
False
Is 13 a factor of 74085188?
False
Is 7174003 a multiple of 193?
True
Is 40 a factor of 29520280?
True
Does 27 divide 143938242?
True
Does 187 divide 99027191?
False
Is 1106 a factor of 17978485?
False
Is 10543 a factor of 752116534?
True
Is 21 a factor of 79115427?
False
Is 501375 a multiple of 75?
True
Is 17659008 a multiple of 576?
True
Is 692792952 a multiple of 600?
False
Does 878 divide 47650816?
True
Is 65 a factor of 127891270?
True
Is 4 a factor of 5281554?
False
Does 195 divide 561060985?
False
Does 1127 divide 8294741?
False
Is 12903 a factor of 1479535398?
True
Does 25 divide 54448700?
True
Is 88270872 a multiple of 12?
True
Does 138 divide 75644286?
True
Does 16 divide 374417872?
True
Does 